 of k?
2
Suppose 4109 = 2*y + 5*n, 15*y + 4*n - 10247 = 10*y. What is the hundreds digit of y?
0
Let k(j) = 9*j + 40. Let z be k(5). Suppose -z = 9*c + 293. What is the units digit of c/(5/(-2)*3/10)?
6
Let o(s) be the second derivative of 0 + 7/6*s**3 - 14*s - 3*s**2. What is the units digit of o(15)?
9
Let z = 159 + -103. Suppose -2*r + z = 52. Suppose -5*s + r*m = -4*s - 12, -s + 5 = 5*m. What is the tens digit of s?
1
Let l(t) = -3*t - 2 - t + 3*t + 9. Let o = -130 - -126. What is the tens digit of l(o)?
1
Suppose -8*c = -9*c + 5. Suppose 4*p = -c*j + 284, -4*p - j + 226 = -58. Suppose 2*l + 2*f - p = 21, 3*f + 150 = 3*l. What is the units digit of l?
8
Let g be (4 - -81 - 4) + 1. Let m = g - 80. What is the tens digit of ((-210)/28)/(2/(-32)*m)?
6
Let x = -258 - -252. What is the units digit of (-1718)/2*1/(x/6)?
9
Suppose 413444 + 97276 = 80*n. What is the thousands digit of n?
6
Let c(k) = -5*k**3 - 18*k**2 + 38*k + 47. What is the tens digit of c(-15)?
0
Suppose x + 59 = -5*j, 3*x + 4*j - 30 + 174 = 0. What is the units digit of 13090/x*24/(-14) - 0?
0
Suppose 0 = u + 54*u + 275. Let c(h) = -10*h**2 - 13*h - 9. Let i(t) = 11*t**2 + 13*t + 10. Let y(x) = -5*c(x) - 4*i(x). What is the units digit of y(u)?
0
Suppose f + u = -0*f + 14, -2*f + 29 = u. Let o(w) = -303*w - 9. Let h be o(-6). Suppose -f*s = -24*s + h. What is the hundreds digit of s?
2
Suppose 3*f + 33 = 981. Suppose 20*w + 3 = 19*w - 2*s, -6 = 2*s. Suppose w*a = 5*a - f. What is the tens digit of a?
5
Suppose -51450 = -2*u - t, -u + 3*t + 105 = -25613. What is the ten thousands digit of u?
2
Suppose -31*k + 4 = -33*k. Let l(w) = -399*w + 13. What is the units digit of l(k)?
1
Suppose 5*m - 6106 = -2*l, -3*l = 5*m - 2*m - 3669. Suppose -m = -3*y + 313. What is the hundreds digit of y?
5
Let n(p) = 124*p. Let w(c) = -c**2 - 3*c - 1. Let i be w(-2). What is the hundreds digit of n(i)?
1
Let p(k) = 13*k**3 + 9*k**2 - 22*k + 4. Let q be p(2). What is the units digit of ((-14382)/(-85))/(8/q + 0)?
5
Suppose -5*k - 4*a = -26227, -5*a - 14189 = -4*k + 6768. What is the hundreds digit of k?
2
Suppose 65 = 4*h - 4*d - 915, -508 = -2*h - 4*d. Let b = -169 + h. What is the units digit of b?
9
Suppose -7*q = -9 - 12. Suppose -22 = -2*k + 4*g, 0 = 2*k - q*k + g + 8. Suppose k*i - 64 - 31 = 0. What is the units digit of i?
9
Let w(l) be the third derivative of -19*l**4/24 - 5*l**3/6 - 24*l**2 - 3. Let g = -5 - -4. What is the units digit of w(g)?
4
Let i be 1/(5 + 448/(-88)). Let c(k) be the second derivative of k**4/12 + 3*k**3/2 - 6*k**2 + 3*k. What is the tens digit of c(i)?
1
Suppose -39*m - 102 = -33*m. Let g = m + 34. Suppose 33 = g*z - 732. What is the tens digit of z?
4
Let t(w) = w**3 - 11*w**2 + 15 + 24 - 40 - 5*w. Let a be t(11). What is the tens digit of (-1393)/a + 1/8?
2
Suppose -18*h + 3*h = -1290. Let s = -82 + h. What is the hundreds digit of s + 617/4 - (-1)/(-4)?
1
Suppose 15 = 8*q - 345. Let u = -43 + q. What is the tens digit of u/(-4)*1898/(-13)?
7
Suppose 0 = 21*y - 24*y. Let m(g) = -2*g + 434. What is the units digit of m(y)?
4
Let p(q) be the second derivative of 4*q**3/3 + 4*q**2 + q. Let g be (-3)/(-9 + 44/5). What is the tens digit of p(g)?
2
Suppose 21*x - 32905 = 1409. Let m = x - 1055. What is the hundreds digit of m?
5
Let d = -433 + 207. Let v be (-2016)/22 + 4/(-11). Let q = v - d. What is the units digit of q?
4
Let p be (-5 - 0)/((-1)/(-1868)*-4). Suppose -5*c + 5*h + p = 0, -2*h + 1184 + 654 = 4*c. What is the units digit of c?
2
Suppose 2*a + 53*c - 6548 = 55*c, 4*a = 5*c + 13093. What is the thousands digit of a?
3
Let z be (1/3)/((-2)/(-24)). Suppose -o - 5*b + 30 = 0, -z*o = 3*b + 9 - 78. Let n(r) = r**2 - 12*r - 13. What is the tens digit of n(o)?
3
Let n be (-2 + 6)*((-20)/(-4) - -205). Suppose -i = x - n, -9*i + 4*i + 3*x = -4176. What is the units digit of i?
7
Let z(k) = -147*k - 1039. What is the tens digit of z(-47)?
7
Suppose 0 = 29*s - 33241 - 85920. What is the units digit of s?
9
What is the units digit of (0 + 114566/8)/((-4)/416*-26)?
3
Suppose -32*r - 150 = -35*r. Let s = 65 + r. Let a = s + 150. What is the units digit of a?
5
Let j be ((-134)/(-201))/((-4)/(-30)). Suppose -j*b = 3*a - 5663, 0 = a - 25*b + 24*b - 1877. What is the thousands digit of a?
1
Let w be (-9966)/(-30) + 1/(-5). Suppose -2*s = -2*t + w, -6*t + 5*t - 3*s + 158 = 0. What is the hundreds digit of t?
1
Let s be (-25)/(-6)*3*(-16)/(-20). Suppose z = -3*i + 2*i + 20, -2*i - 23 = -z. Suppose z = s*j - 529. What is the tens digit of j?
5
Suppose 2366 = -2*z + 5*n, 2160 + 174 = -2*z - 3*n. Let g = z - -1646. What is the hundreds digit of g?
4
Suppose 3*o = -3*c + 2310 + 17160, o = -3*c + 6488. What is the units digit of o?
1
Suppose 2*l + 4*v - 85530 = 0, -2*l + 13*v - 14*v = -85506. What is the units digit of l?
9
Let j = 251 - 250. What is the units digit of ((-2093)/69)/(((-1)/9)/j)?
3
Let i = 16079 + -10886. What is the units digit of i?
3
Let f(s) = -s**2 - 15*s - 12. Let o be f(-14). Let h = o - -375. Suppose -8*y + h = -231. What is the units digit of y?
6
Let w be (-15)/45*-21*(-1)/(-1). Let t(j) = 56*j - 52. Let l be t(w). Suppose -3*x + 14 = -l. What is the hundreds digit of x?
1
Suppose 4*s + 398 - 646 = 0. Suppose -142 = 3*u - 4*o - 687, -2*o = -4*u + 740. Let n = u + s. What is the hundreds digit of n?
2
What is the tens digit of 16/(-192)*-200*393?
5
Let d be (-22)/154 + 1189/(-7) + 1. Let r = d - -546. What is the hundreds digit of r?
3
Suppose 98*s = 126*s - 48*s + 461780. What is the ten thousands digit of s?
2
Suppose -g + 47026 = 24*g - 117974. What is the thousands digit of g?
6
Suppose -5*x - 13 = -2*q + 18, 0 = 3*q + x - 4. Suppose 4*h + q = 3*c, -3*c = 3*h - 7 - 17. Suppose h*l - 14 = l. What is the units digit of l?
7
Let w(j) = 7 + 7 + 7*j - 21. Let l be w(3). Suppose 3*k + o = 200, l = -k + 5*o + 54. What is the units digit of k?
5
What is the tens digit of (3 - (-36414)/22) + (2 - (-48)/(-22))?
5
Let u(v) = -15 + 13*v**2 + 4*v - 18*v**2 - 24 + 13*v**2. What is the thousands digit of u(13)?
1
Suppose 3*u = -l + 855, 5*u = 6*u + 4. What is the hundreds digit of l?
8
Let p(i) = -i**2 + 4*i + 8 - 2*i + 4*i - 4*i. Let v be p(4). Suppose v = t + 6*t - 1008. What is the hundreds digit of t?
1
Let o = -176 + 176. Suppose -10*u - 179 + 1119 = o. What is the units digit of u?
4
Let o = -27603 + 39729. What is the tens digit of o?
2
Let q(f) = 1074*f - 1806. What is the tens digit of q(20)?
7
Let c be ((-207)/12)/((-4)/(-32)). Let q = c + 78. Let u = 55 - q. What is the units digit of u?
5
Let s(d) = d**3 + 8*d**2 + 2*d - 8. Let r be s(-8). Let z(p) = -p**3 + 9*p**2 - 13*p - 3. Let o be z(4). Let q = o + r. What is the units digit of q?
1
Let q = -926 - -7271. What is the tens digit of q?
4
Suppose -29760 - 94995 = -9*b + 31557. What is the ten thousands digit of b?
1
Let n be (-28)/42*(-1 - (-1)/(-2)). Suppose w - n = 47. Let o = w - 45. What is the units digit of o?
3
Let b be -3 + (-54)/(-15) + 24/10. Suppose 3*m = 16 - 4, -b*x + m = 31. What is the tens digit of (x/6 - 0)/(5/(-330))?
9
Suppose 1620363 = 42*w + 28353. What is the thousands digit of w?
7
Suppose 3*q + 20 = 4*r - q, 2*q = 5*r - 25. Suppose r*d = 5*m + 395 - 60, -d + 69 = -2*m. Let n = 147 - d. What is the units digit of n?
2
Let i(c) = c**2 - 2*c - 3. Suppose 0 = -33*t + 34*t + 1. Let z be i(t). Suppose r + 120 + 47 = 2*f, f - r - 82 = z. What is the tens digit of f?
8
Suppose 0 = -8*c - 708 + 2772. Suppose -l + 244 = -b, 4*l - 3*b - 1234 = -c. What is the tens digit of l?
4
Let u(p) = -p + 40. Let x be u(31). Suppose 2*n - a = 9, 5*n - 6*a = -x*a + 28. Suppose -3*s + 25 = n*j, 3*s - 5 - 23 = -2*j. What is the units digit of s?
0
Let k(h) = -81*h**2 + 27*h. Let x be k(-7). What is the hundreds digit of x/(-10) - 1*5/(-25)?
4
Let b(y) be the first derivative of 15/2*y**2 + 9 - 14*y. What is the tens digit of b(6)?
7
Let i = 96282 - 51424. What is the tens digit of i?
5
What is the thousands digit of -3405*(306/45 - 8)?
4
Let v be (-1*3/6)/(6/(-36)). Suppose -4*b + 4976 = 4*c, v*b - 5213 = -c - 1477. What is the tens digit of b?
4
Let w = -12 - -2. Let r be (-10)/25*w + 304/1. Suppose -r = -6*o + 154. What is the units digit of o?
7
Suppose -15272 = -c + 15*i - 19*i, 0 = -4*c + 2*i +